uppose 43 + 5 = 4*h. Suppose -h*z + 15 = -9*z. Let d(x) = -x**2 + 4*x + 1. What is d(z)?
-4
Let q(o) = -3*o**2 + 6*o + 37. Let r(u) = -u**2 + u + 10. Let y(h) = q(h) - 4*r(h). Calculate y(2).
5
Let h(k) = -k**2 + 7*k + 4. Let o = -8 - -10. Suppose 4*x - o*n + 6 - 22 = 0, -36 = -4*x - 3*n. Determine h(x).
10
Let m(j) = -4*j - 2. Suppose 12 = -2*y + 14*y. Let r = 21 - 33. Let x be r/18*3/y. What is m(x)?
6
Let x(d) = -3*d - 3. Let o be (2/(-4))/(2/(-8)). Let i be 0/(5/((-7)/(-2) - 1)). Suppose -2*u + 3*u + o = i. Give x(u).
3
Let a(t) = -2. Let c(i) = -i**2 - 5*i + 18. Let y(g) = 5*a(g) + c(g). What is y(-8)?
-16
Let d(q) = -2*q + 6. Let r = 35 - 25. Let i = 15 - r. Give d(i).
-4
Let u(s) be the second derivative of s**5/20 + 5*s**4/12 - 2*s**3/3 - 4*s**2 - 146*s. Calculate u(-6).
-20
Suppose 2*f + 30 = 3*y + 32, 0 = -4*f - 20. Let h(p) = 1 + 6*p + 5 + p**2 + 0*p**2. Give h(y).
-2
Let b(y) = -y**2 - 2*y + 5. Let r(q) = -q**2 - q + 4. Let s be (-4)/7*(-35)/10. Let t(g) = s*b(g) - 3*r(g). Give t(-2).
4
Let h = 204 + -214. Let n(s) = -s**2 - 9*s + 15. What is n(h)?
5
Suppose -6*h - 123 + 81 = 0. Let t(p) = -p - 11. Calculate t(h).
-4
Let t(m) be the first derivative of m**3/6 + 2*m**2 + 19*m + 12. Let g(x) be the first derivative of t(x). Determine g(5).
9
Let t be ((-2)/(-3))/(2/(-9)). Let x(s) = -2*s**2 - 3. Let d(y) = y**3 - 4*y**2 - 5*y - 11. Let a(c) = d(c) - 3*x(c). Determine a(t).
4
Let s(a) be the first derivative of -2*a**3/3 + 7*a**2/2 + a - 137. Determine s(5).
-14
Let k = -156 - -161. Suppose 5 = q - 4*i - 12, 16 = 2*q - 2*i. Let f(l) = q*l**2 + 3 + 4*l - 5*l**2 - l**2. Determine f(k).
-2
Let c = 56 + -34. Let q = -15 + c. Let g(t) = 2*t - 7 + 3 - q*t**2 + t**3 - 4. Determine g(7).
6
Let u(b) = b**3 + 20*b**2 + 24*b - 15. Let m be u(-19). Let t = m + 100. Let p(s) = -s**3 - 9*s**2 + 11*s + 11. What is p(t)?
1
Let i(y) = -y**3 + 6*y - 4. Let o be i(-3). Let m(h) = 0*h - h + 2*h. Calculate m(o).
5
Suppose -4*l = -2*l - 2. Suppose 3*b - 2*c = -6, 0 = 4*c - 9*c + 15. Let w = b - l. Let k(d) = 2*d. Give k(w).
-2
Let x(v) = v**2 + 6*v + 14. Let z be x(-6). Suppose b - 4*b + 3 = -3*l, -4*l + z = 5*b. Let w(h) = h**2 - 3*h + 1. Give w(b).
-1
Let t(c) = 6*c. Suppose -3*w + 3 = -n, -n - 3*n + 12 = 0. Determine t(w).
12
Suppose -1156*k = -1144*k + 48. Let l(p) = p - 4. Let n be l(6). Let f(v) = 2*v + 4 - 5 - 3*v**n + 0*v - v**3. Give f(k).
7
Let l(j) = j + 12. Let a = 279 + -283. Give l(a).
8
Let b(u) = 4*u**3 - 3*u - 5. Let z(y) = 7*y**3 + y**2 - 6*y - 9. Suppose 5*h = -f + 18, -9 = -6*f + 4*f - h. Let j(q) = f*z(q) - 5*b(q). Calculate j(-3).
7
Let f(v) be the third derivative of v**4/3 + v**3/6 + 2*v**2 - 81*v. Determine f(-2).
-15
Let q(h) be the first derivative of -h**2/2 - 23*h - 157. What is q(-11)?
-12
Let f(a) = 9 - 28*a + 18 + 33*a - 13. What is f(-2)?
4
Suppose 2*c = -2*g + g, -2*g - 18 = -2*c. Let f = g - -6. Suppose f*o = -2*o - 12. Let h(y) = y**2 + 6*y - 1. What is h(o)?
-1
Let d(b) = b**2 + 15*b + 28. Let k be d(-12). Let p(u) = u**3 + 7*u**2 - 8*u - 2. Give p(k).
-2
Let o(z) = z - 8. Suppose 0 = -5*v + 3*f + 25 - 7, -2*f = -5*v + 17. Suppose 22 = v*h + 4*j, -4*j = 3*h - 8*j - 14. Give o(h).
-2
Let w(l) = -l + 6. Let j(v) = 13. Let b(t) = 3*j(t) - 3*w(t). What is b(-5)?
6
Let x(l) = 4*l**2 + 16*l - 4. Let u(b) = -3*b**2 - 15*b + 5. Let g(c) = 5*u(c) + 4*x(c). Let v = 6 - -3. Give g(v).
-9
Let n(l) = l**3 - l**2 + l - 7. Suppose 0 = b - 5 - 5. Let m = -5 + b. Suppose 0*v = v + m*r - 25, 10 = 2*r. Determine n(v).
-7
Let o(a) = -a**2 - a + 2. Let y be 12/48 + (-1)/4. Suppose 0*n - 12 = 3*n - 2*j, y = -2*n + 4*j - 16. Determine o(n).
0
Let b(o) = -o**3 - 7*o**2 - 6*o - 8. Let p(n) = -7*n - 20. Let q be p(-2). Give b(q).
-8
Let v(w) = w**2 - w - 7. Let s be v(5). Suppose -4*a = 34*a - 190. Suppose -a + s = -2*q. Let f(j) = j + 5. Determine f(q).
1
Let w be 160/(-20) - (-11 - 2). Let s(l) be the second derivative of -w*l + 1/2*l**3 - 1/2*l**2 + 0. What is s(2)?
5
Let w(z) = 2*z - 7. Suppose -q = -0 - 2. Let j(o) = 2*o - 7. Let l(p) = -p**3 + 8*p**2 - 3. Let y be l(8). Let v(d) = q*j(d) + y*w(d). What is v(6)?
-5
Let d(c) = -9*c + 6. Let x(v) = 9*v - 1. Let k(a) = -7*a + 1. Let z(j) = -4*k(j) - 3*x(j). Let n(h) = d(h) + 6*z(h). Determine n(1).
-3
Let o = 46 - 37. Suppose 2*f + 9 = o. Let h(q) = q**3 - q**2 - q - 9. Determine h(f).
-9
Let h(z) = 4*z + 6*z**3 - 5*z**3 - 5*z + 77 - 14*z**2 - 44. Determine h(14).
19
Let s(y) = -y**3 - 10*y**2 + 14*y + 37. Let u be s(-11). Suppose 12 = -4*f + u. Let q(w) be the second derivative of w**3/3 - 2*w. Determine q(f).
-4
Let n be 12/(-21)*14/(-4). Suppose 0 = -5*k + 4*k - n. Let d(v) = -2*v**2 - 4*v - 5. Let j be d(k). Let l(w) = w**2 + 4*w - 6. Give l(j).
-1
Let i(q) = 8*q**2 + 6 - 2*q - 5*q**2 - 4*q**2. Let d(c) = -c**2 - c + 6. Let t(o) = 4*d(o) - 3*i(o). Determine t(5).
-9
Let f(n) be the third derivative of -n**5/60 + 5*n**4/24 + n**3/6 - 3*n**2. Let j be f(3). Let m(y) = -4*y + y - 2*y + j*y. Give m(-2).
-4
Let i be 4/((-1)/2 - 18/12). Let g(y) = y**3 + 3*y**2 + 2*y. Give g(i).
0
Let o(w) = w**3 + 18*w**2 - 40*w - 3. Let k be o(-20). Let n(z) = -z**3 - 3*z**2 - z + 4. Give n(k).
7
Let j(r) = 3*r + 49. Let l = 23 + -38. What is j(l)?
4
Let d(z) = 94*z**2 + 5*z - 93*z**2 - 4 + 1. What is d(-7)?
11
Let y(w) = -3*w + 9. Suppose 0 = -6*s + s + 30. Give y(s).
-9
Let c(q) = -2*q**2 + 9*q. Let w be c(6). Let v = 19 + w. Let h(f) = -f - 1. Give h(v).
-2
Let u(c) = -c**3 - 3*c + 6*c**2 - 18*c**2 + 10*c**2. What is u(-3)?
18
Let l(i) = 711*i - 1431*i + i**2 + 701*i + 47. Determine l(17).
13
Let f(d) = -d**3 + 8*d**2 + 9*d + 2. Let u(o) = -o**2 - o + 1. Let i(n) = -f(n) + 6*u(n). What is i(15)?
4
Let z = 463 - 479. Let i(x) = x**3 + 18*x**2 + 32*x + 6. Determine i(z).
6
Let p(i) = -3*i**3 - 5*i**2 - 4*i - 4. Let f(q) = 5*q**2 + 36*q + 4. Let l be f(-7). What is p(l)?
44
Let m(j) = -j + 2. Let l(u) = 64*u - 3. Let c be l(0). Determine m(c).
5
Let b = -6 + 17. Suppose -b = -4*r + 25. Let u(s) = -7*s**2 - 7*s**2 + 15*s**2 - r*s**2 - 1. What is u(1)?
-9
Let k(g) be the first derivative of -g**4/24 + g**3/6 + 7*g**2 - 17. Let l(r) be the second derivative of k(r). Give l(1).
0
Let w(b) = b**2 + 11*b + 2. Let f(m) = -m**2 + m + 20. Let o be (4/9)/(4/6)*9. Let l be f(o). What is w(l)?
-8
Let z(w) = -w**3 - 4*w**2 + 4*w - 4. Suppose -22 = -10*g - 72. Determine z(g).
1
Let b(o) = -6*o**2 + o + 4. Suppose 5*v + 25 = -2*t + t, 0 = -2*v - 2*t - 2. Let u(j) = -7*j**2 + 2*j + 4. Let z(n) = v*b(n) + 5*u(n). Determine z(-5).
1
Let m(w) = 13*w - 2. Let i(d) = -74*d + 11. Let j(b) = -6*i(b) - 34*m(b). Suppose 5*f + 6 = -4. Determine j(f).
-2
Let f(h) = -h**3 - 4*h**2 - 2. Suppose -3*z - 78 = -5*q, 6*z = q + 2*z - 19. Suppose -q*k + 10*k - 20 = 0. What is f(k)?
-2
Suppose 0 = -2*f + 4*f - 4. Let p(j) = -2 - 4*j + j**2 + 2*j + f*j. Suppose 4*u = g - 12, -4*u + 8*u + g + 12 = 0. Calculate p(u).
7
Let i(p) = -4936 + 3*p - 6*p**2 + 9*p**3 - 8*p**3 + 4934. Let s(u) = 6*u**2 + u - 1. Let t be s(1). Determine i(t).
16
Suppose 0 = 2*y + y - 21. Suppose -y*i + 3*i + 12 = 0. Let v(b) = 0*b - b + 2*b. Determine v(i).
3
Let a(r) = -r - r - 16728 + 16729 + 3*r**2. Calculate a(2).
9
Let l(x) = 22 - 4*x + x - 13*x + 13*x. Give l(9).
-5
Let h(k) = k**3 - 24*k**2 + 22*k + 16. Let a be h(23). Let y(f) be the third derivative of f**5/60 + f**4/4 - f**3/2 - 2*f**2. Give y(a).
4
Let n(t) be the second derivative of -t**5/120 - t**4/12 + t**3/6 - 3*t**2 + 3*t + 5. Let a(f) be the second derivative of n(f). Determine a(5).
-7
Suppose -15 + 5 = 5*z. Let v(p) = -12*p - 7. Let m be v(0). Let l = m - z. Let r(f) = f**2 + 3*f + 5. What is r(l)?
15
Suppose 2*d = 15 - 1. Suppose 8 + 3 = -q - 4*j, -3*j - d = 2*q. Let z be (-14)/21*q*-3. Let f(s) = -s**3 + 3*s**2 - s + 1. Calculate f(z).
3
Let d(b) = b + 6. Let r be 1 - (2 - 3) - 1 - 35. Let h = -40 - r. Give d(h).
0
Let q(b) be the second derivative of 0 + 12*b + 1/6*b**3 - 11/2*b**2. Determine q(10).
-1
Let q be -2 - 18/(-4 + -2). Let n(j) = 4*j**2 + 61*j**3 - 60*j**3 + 2 - q + 1. Give n(-3).
11
Let y(f) = -3*f**2 + 8*f. Let o(p) = -p**2 + p + 1. Let m(q) = -2*o(q) + y(q). What is m(6)?
-2
Let m be 3*(-1 - 4)/(-15). Let d(j) = 0*j + 5505 - 5506 - 2*j. Calculate d(m).
-3
Let l(a) = -a**3 - 2*a**2 - 4